a - 3 = -y + 4, 4*a = -y + 19. Suppose -18 = -3*j - y*j. Let h = 33 + -18. What is the remainder when h is divided by j?
0
Suppose -1661 = -11*b - 0*b. Let i = 248 - b. Calculate the remainder when i is divided by 25.
22
Suppose -1 = -3*m + 5. Suppose 3*p - 3 + 18 = 0, 225 = 5*r + m*p. Calculate the remainder when r is divided by 12.
11
Let n(p) = -2*p**2 + 19*p - 15. Let w be n(6). What is the remainder when 8/((3 - 2)/(w/6)) is divided by 19?
17
Let q(s) = -5*s**2 - 32*s + 28. Let t(l) = -3*l**2 - 21*l + 19. Let n(k) = 5*q(k) - 8*t(k). Calculate the remainder when 16 is divided by n(4).
0
Let n = 48 - -62. Let c = 123 - n. Calculate the remainder when c is divided by 3.
1
Let l be ((-5)/10)/(1/(-12)). Let y = 14 - l. Let a = y + 9. What is the remainder when 50 is divided by a?
16
Suppose -5*p = 2*v - 529 + 176, 0 = -5*v + 20. Suppose 2*b + 0*b + g - 19 = 0, 3*b = -5*g + 11. What is the remainder when p is divided by b?
9
Let q(s) = s**3 - 7*s**2 + 2*s + 4. What is the remainder when q(7) is divided by 2?
0
Suppose 6*c = 199 + 59. Let s = 9 + -4. Let f = 10 + s. Calculate the remainder when c is divided by f.
13
Let j be (7/(-4)*-2 + -3)*4. Let t(x) = 3*x + 5. What is the remainder when t(j) is divided by 5?
1
Let u = -8 - -15. Suppose 5*d - 443 = u. What is the remainder when d is divided by 23?
21
Suppose -3*a = 4 + 5, 5*a = -3*m + 651. What is the remainder when m is divided by 45?
42
Suppose 4*y + 3*q + 9381 = 7*y, -2 = -q. What is the remainder when y is divided by 87?
84
Let k = 252 + -233. Calculate the remainder when 283 is divided by k.
17
Let y = 720 + -713. Suppose 0 = -4*v + 48 + 28. What is the remainder when v is divided by y?
5
Let m be -1 + 6/4*22. Suppose -20 = 5*y, -6*h - 3*y = -2*h - m. Calculate the remainder when 43 is divided by h.
10
Let w(s) = -s**3 + 3*s**2 + s - 3. Let b be w(3). Suppose 8*u - 3 - 5 = b. What is the remainder when u is divided by 1?
0
Suppose 0 = 3*j + 2*j + 5. Let x(d) = 24*d**2 - 2*d + 1. Calculate the remainder when x(1) is divided by (2 + -2 - j)*(7 + 2).
5
Suppose 93 = 5*l - 72. Suppose -30*f - 156 = -l*f. What is the remainder when f is divided by 27?
25
What is the remainder when 47 is divided by -4*(2/16)/(4/(-248))?
16
Suppose 5*g - k - 1739 - 1436 = 0, k = 3*g - 1903. Suppose 5*h - 3*l - g = 0, -h - 2*h = -3*l - 378. Calculate the remainder when h is divided by 33.
30
Let j = 67 - 67. Let a(x) = x**2 - x + 31. Calculate the remainder when 182 is divided by a(j).
27
Suppose -3*l + 11*a = 12*a - 24, -12 = 4*a. Suppose 0 = 4*i - 5*d + 12, 0 = 4*i + i - 5*d + 10. Calculate the remainder when i/(-3) - 268/(-6) is divided by l.
8
Suppose -a + 3*r = -2*r - 1, -a + 4*r = 0. Let w be a*(-12)/8 + -2. Suppose -w*z + 60 = -2*z. What is the remainder when z is divided by 8?
6
Let g = 11 - 8. Suppose -135 = -0*f - g*f. Calculate the remainder when f is divided by (1 - 2) + (-68)/(-4).
13
Let a = -2 - 9. Let u(v) = v + 21. What is the remainder when 38 is divided by u(a)?
8
Let k(n) = 48*n**3 - n**2 - n + 2. Let i be k(1). Suppose 2*w - i - 52 = 0. Let q(l) = l**2 - 4*l - 8. Calculate the remainder when w is divided by q(7).
11
Suppose -93 = -4*y - 5*z, 3*z + 14 + 22 = y. What is the remainder when y is divided by 16?
11
Let x(a) = -2*a**3 + 63*a**2 - 18*a + 42. Calculate the remainder when x(31) is divided by 16.
13
What is the remainder when (1 - 0)*-1*-233 is divided by 39?
38
Let b(k) = -k**3 - 14*k**2 + 2*k + 7. Let h be b(-14). Let d = -18 - h. Calculate the remainder when 3 is divided by d.
0
Suppose 2*c + 3*p = 337, -829 = -c - 4*c - 3*p. Calculate the remainder when c is divided by 30.
14
Let k(m) = m + 15. Let h(l) = -l + 18. Suppose -36 = 3*v - 6*v. Calculate the remainder when k(0) is divided by h(v).
3
Let q = 2232 + -2149. Suppose -76 = -x + 4*i, 0*x - 4*x - 5*i = -304. Suppose 8 + x = 3*k. Calculate the remainder when q is divided by k.
27
Suppose a - 2*p = -10, a + 2*p + 6 = 16. Suppose -4*q + a*b + 340 = -5*b, 0 = -2*q - 4*b + 196. Calculate the remainder when q is divided by 46.
44
Suppose 0*g - 2*u = 5*g - 112, 0 = g - 2*u - 32. What is the remainder when 45 is divided by g?
21
Let i(d) = d**2 - 8*d + 10. Let s be i(8). Let w = s + 40. Calculate the remainder when 97 is divided by w.
47
Suppose -2*g + 505 = g + w, w + 2 = 0. Let z = g + -98. What is the remainder when z is divided by 24?
23
Suppose -429 = -15*y - 54. What is the remainder when 108 is divided by y?
8
Let t(u) = u**2 + 10*u + 3. Let x(o) = o**3 + 4*o**2 - 11*o - 4. Let s be x(-6). Let c be t(s). Calculate the remainder when 10*c - (-2 - 1) is divided by 12.
9
Suppose 11*i - 290 = 1415. Calculate the remainder when i is divided by 13.
12
Let a be 8 - (0 - ((-12)/3 + 4)). Suppose 0 = -g + 3, j - 3*g = -0*g + a. Let k(q) = 4*q**2 - 6*q - 3. Calculate the remainder when k(5) is divided by j.
16
What is the remainder when ((-1089)/44 - -25) + 1719/4 is divided by 24?
22
Let r(g) = g**2 - g + 3. What is the remainder when 51 is divided by r(2)?
1
Let f(v) = 3*v**2 + 4*v + 4. Let h(q) = -7*q**2 - 9*q - 8. Let b(d) = 5*f(d) + 2*h(d). Let a = -4 + 0. What is the remainder when 82 is divided by b(a)?
10
Suppose 0 = -4*n + 7 + 1, -5*m - 3*n = -121. Let v(r) = r**3 - 4*r**2 - r + 4. Let s be v(4). Calculate the remainder when m is divided by 1 + 11 + s + 0.
11
Let j(s) = -37*s - 102. What is the remainder when j(-27) is divided by 45?
42
Suppose 3*q + 202 = -f + 609, 0 = 4*q - f - 552. Calculate the remainder when q is divided by 39.
20
Let j be (3 + -2)/(2/8). Calculate the remainder when 1*(j/(-1) + 86) is divided by 21.
19
Let t be 3 + -8*2 + 2. Let g(k) = k + 10. Let s be g(t). What is the remainder when 29 is divided by (2 + -5 - s)*-5?
9
Suppose -w = -7*w + 204. Let r(j) = -3*j**2 - j. Let p(c) = c + 1. Let a(k) = 3*p(k) - r(k). Calculate the remainder when w is divided by a(-3).
16
Suppose 3*u + 3*u - 6348 = 0. Suppose 0 = 7*x - u + 127. What is the remainder when x is divided by 9?
7
Suppose 2*o = -4*i - 26, -2*o + 2*i = o + 23. Let x = 19 + o. Let u = x + -7. What is the remainder when 6 is divided by u?
0
Calculate the remainder when (-485)/(-7) - (-2)/(-7) is divided by (27/6)/(18/36).
6
Let j be -4 + (254/4)/((-14)/(-56)). Suppose -7*y = -2*y - j. Let k = -32 - -45. What is the remainder when y is divided by k?
11
Suppose a = 4*a - 5*f + 142, 0 = 4*a - 4*f + 176. Let q = a + 42. What is the remainder when 5 is divided by q?
2
Suppose 0 = 8*n - 2*n - 78. Suppose -7*x = -6*x. Suppose -5*d - q + 18 = x, 0*d = -3*d - 4*q + 4. What is the remainder when n is divided by d?
1
Suppose 1567*h - 165 = 1562*h. Calculate the remainder when 92 is divided by h.
26
Let g(m) = -4*m + 0*m**2 - 7 - 2*m + m**2. Suppose -4*w - 2*w = -66. What is the remainder when g(w) is divided by 13?
9
Let y(b) = -2*b**3 + 55*b**2 - 28*b - 179. Calculate the remainder when y(26) is divided by 66.
65
Suppose -16*p + 14*p = v - 18, -4*v + 6 = 2*p. Let b(d) = -15*d. Calculate the remainder when b(-2) is divided by p.
8
Let k = -1269 + 2018. Calculate the remainder when k is divided by 58.
53
Suppose 53 = 5*f - 17. Suppose -f*a - 27 = -15*a. What is the remainder when a is divided by 14?
13
Suppose 0 = 3*v + 4*m - 41, 4*v + 29*m - 25*m - 56 = 0. Calculate the remainder when v is divided by 5 - 4*(-1)/(-2).
0
Let j(p) = -p**3 + 5*p**2 - 6*p + 5. Let t be j(4). Calculate the remainder when (180/35)/(t/(-14)) is divided by 9.
6
Let n(h) = -h**2 + 13*h - 18. Suppose -r - 13 = -5. Let a = 19 + r. Calculate the remainder when n(4) is divided by a.
7
Let v be 23/(-46) - (-14)/4. Suppose 3*k - 63 = v*n, 2*k - 54 = -5*n + 2. What is the remainder when k is divided by (-98)/(-8) + 2/(-8)?
11
Let k = -196 + 127. Let s = -37 - k. Calculate the remainder when (18/(-8))/((-3)/168) is divided by s.
30
Suppose -a + 17 = -0*l + 4*l, -3*l = -6. What is the remainder when 70 is divided by a?
7
Let r = 42 + -6. Calculate the remainder when 78 is divided by r.
6
Let s(r) = r**3 - 4*r**2 - 5*r + 9. Let v be ((-3)/9)/(-1 - 14/(-15)). Calculate the remainder when 33 is divided by s(v).
6
Calculate the remainder when 40 is divided by 9/((-27)/(-22))*3/1.
18
Suppose -3*k = -15 - 21. Suppose 4*b + 0*c - 2*c = 2, 0 = 4*b + 4*c - 32. Suppose -b*f = -2*f - 46. What is the remainder 